{"id":4211,"date":"2021-05-09T11:56:47","date_gmt":"2021-05-09T09:56:47","guid":{"rendered":"https:\/\/smk-art.de\/art\/?page_id=4211"},"modified":"2026-04-16T11:18:45","modified_gmt":"2026-04-16T09:18:45","slug":"rueckblick","status":"publish","type":"page","link":"https:\/\/smk-art.de\/art\/rueckblick\/","title":{"rendered":"R\u00fcckblick"},"content":{"rendered":"\n<h3 class=\"wp-block-heading has-background\" style=\"background-color:#fa77bb\">EINZELAUSSTELLUNGEN&nbsp;(Auswahl)<\/h3>\n\n\n\n<p>2024 lifeline <a href=\"https:\/\/heinekamp-und-zielke.de\/category\/kunst-in-der-kanzlei\/ausstellungen-2024\/\" target=\"_blank\" rel=\"noreferrer noopener\">Kunst in der Kanzlei<\/a><\/p>\n\n\n\n<p>2023 Nominiert f\u00fcr den <a href=\"https:\/\/www.cityartists.de\/susanne-muller-kolmel\" target=\"_blank\" rel=\"noreferrer noopener\">CityARTist 2023<\/a> Preis<\/p>\n\n\n\n<p>2023 AUS HEITEREM HIMMEL, <a href=\"https:\/\/www.solingerkuenstler.de\/galerie-sk-ausstellungen\/\">Galerie SK<\/a>, Solingen \/S\u00fcdpark <\/p>\n\n\n\n<p>2022 Stille Leben,<a rel=\"noreferrer noopener\" href=\"https:\/\/galerie-am-stall-hude.de\/kuenstler\/\" target=\"_blank\"> Galerie am Stall<\/a>, Hude (bei Oldenburg)<\/p>\n\n\n\n<p>2021 TELPOST \u2013&nbsp;artist in residence,<strong>&nbsp;<\/strong>Susanne M\u00fcller-K\u00f6lmel,&nbsp;<a href=\"https:\/\/kunstinmillingen.nl\/binnen\/\">Kunst in Millingen<\/a><\/p>\n\n\n\n<p>2020 all in one, Kunstmuseum Solingen<\/p>\n\n\n\n<p>2017&nbsp;rest or run \u2013 Galerie SK Solingen<\/p>\n\n\n\n<p>2017 outdoor,&nbsp;Florida\/ Naples<\/p>\n\n\n\n<p>2016 Cut out,<strong>&nbsp;&nbsp;<\/strong><a rel=\"noreferrer noopener\" href=\"https:\/\/www.ostbelgien.net\/Themen\/Kunstroute-Weser-Gohl?linkid=38468&amp;catid=643\" target=\"_blank\">Maison Art P\u00fctz,&nbsp;Belgien<\/a> <\/p>\n\n\n\n<p>2015\/16&nbsp;TARTorte<strong>,<\/strong>&nbsp;Langenfeld<\/p>\n\n\n\n<p>2014 Opes mondi, Sparkasse Solingen<\/p>\n\n\n\n<p>2014 Wunderkammer, Galerie SK&nbsp;<\/p>\n\n\n\n<p>2013\/14 Zoom<strong>,&nbsp;<\/strong><a rel=\"noreferrer noopener\" href=\"https:\/\/www.galerie-augarde.de\" target=\"_blank\">Galerie Augarde, Dau<\/a><a href=\"https:\/\/www.galerie-augarde.de\">n<\/a><\/p>\n\n\n\n<p>2011&nbsp;bandbreite, Rathaus Burscheid<\/p>\n\n\n\n<p>2008<strong>&nbsp;<\/strong>Impulse, <a rel=\"noreferrer noopener\" href=\"http:\/\/www.art-eck.de\" target=\"_blank\">Galerie Art Eck<\/a>, SG-Gr\u00e4frath<\/p>\n\n\n\n<p>2006<strong>&nbsp;<\/strong>Deutsche Bank, Solingen<\/p>\n\n\n\n<p>2004\/05&nbsp;RWE Bildungszentrum, Wanderath<\/p>\n\n\n\n<p>2003&nbsp;Stadttheater Solingen<\/p>\n\n\n\n<p>2001 Casa, Wuppertal-Elberfeld<\/p>\n\n\n\n<p>Werke befinden sich im privaten und \u00f6ffentlichen Besitz.<\/p>\n\n\n\n<p><a href=\"https:\/\/kunstaspekte.art\/person\/susanne-muller-kolmel\" target=\"_blank\" rel=\"noreferrer noopener\">Ausstellungsarchiv<\/a><\/p>\n\n\n\n<h3 class=\"wp-block-heading has-background\" style=\"background-color:#fa77bb\">GRUPPENAUSSTELLUNGEN(Auswahl)<\/h3>\n\n\n\n<p>2026 <a href=\"https:\/\/www.gedok-wuppertal.de\/100-jahre-gedok\/\" target=\"_blank\" rel=\"noreferrer noopener\">100 Jahre GEDOK<\/a> Kunsthalle Barmen, Wuppertal<\/p>\n\n\n\n<p>2026 <a href=\"https:\/\/germarex.wordpress.com\" target=\"_blank\" rel=\"noreferrer noopener\">GERMAREX &#8211; Br\u00fccken der Kreativit\u00e4t<\/a>, F\u00e9s, Marokko<\/p>\n\n\n\n<p>2025 SPUREN, four+ im&nbsp;<a href=\"https:\/\/artoll.jimdofree.com\/projekte-2025\/\" target=\"_blank\" rel=\"noreferrer noopener\">ArToll Kunstlabor<\/a><strong>,<\/strong>&nbsp;Bedburg-Hau<\/p>\n\n\n\n<p>2025 Come together, &nbsp;<a href=\"https:\/\/www.gkk-ev.de\/ausstellungen\" target=\"_blank\" rel=\"noreferrer noopener\">Kunstspektrum Krefeld<\/a>, Krefeld<\/p>\n\n\n\n<p>2025 Jubil\u00e4umsausstellung <a href=\"https:\/\/heinekamp-und-zielke.de\/jubilaeumsausstellung-20-jahre-kunst-in-der-kanzlei\/\" target=\"_blank\" rel=\"noreferrer noopener\">Kunst in der Kanzlei<\/a><\/p>\n\n\n\n<p>2025 ,&nbsp;<a href=\"https:\/\/www.diegrosse.de\" target=\"_blank\" rel=\"noreferrer noopener\">DIE GROSSE<\/a> Kunstausstellung NRW, das kleine Format, Kunstpalast und NRW-Forum, D\u00fcsseldorf<\/p>\n\n\n\n<p>2025 Und wir fangen grad erst an, Mitgliederausstellung des<a href=\"https:\/\/vddk1844.de\/und-wir-fangen-gerade-erst-an\/\" target=\"_blank\" rel=\"noreferrer noopener\">&nbsp;VdDK1844<\/a>&nbsp;in der&nbsp;<a href=\"https:\/\/www.kunsthalle-duesseldorf.de\" target=\"_blank\" rel=\"noreferrer noopener\">Kunsthalle<\/a>&nbsp;D\u00fcsseldorf<\/p>\n\n\n\n<p>2025 Werkschau&nbsp;<a href=\"https:\/\/www.gedok-wuppertal.de\/gedok-jahresausstellung-2025\/\" target=\"_blank\" rel=\"noreferrer noopener\">Bildende Kunst der GEDOK Wuppertal e.V.<\/a>&nbsp;, Galerie an der Ruhr, M\u00fchlheim<\/p>\n\n\n\n<p>2025 Mens, Natuur, Verandering, &nbsp;<a href=\"https:\/\/www.defirmagouda.nl\" target=\"_blank\" rel=\"noreferrer noopener\">Ausstellungsraum de Firma<\/a>, GOUDA, NL<\/p>\n\n\n\n<p>2025 Trotzalledem, Kunstmuseum Solingen<\/p>\n\n\n\n<p>2025 Goldverkauf XIII, &nbsp;<a href=\"https:\/\/www.duisburg.de\/microsites\/kulturbuero-duisburg\/kuenstler-und-atelierhaeuser\/102010100000103070.php\" target=\"_blank\" rel=\"noreferrer noopener\">Atelierhaus Goldstrasse<\/a>, Duisburg<\/p>\n\n\n\n<p>2024 SCHUTZ[T]R\u00c4UME, <a href=\"https:\/\/www1.wdr.de\/lokalzeit\/fernsehen\/bergisches-land\/lokalzeit-bergisches-land-clip-lokalzeit-bergisches-land--11-03-2024-102.html\" target=\"_blank\" rel=\"noreferrer noopener\">Lokalzeit Bergisches Land | 12.03.2024&nbsp;<\/a>| 18:41| Verein Solinger K\u00fcnstler.V. stellt im Kunstmuseum Solingen aus<\/p>\n\n\n\n<p>2024 SK SHOWROOM, Pop up, Galerie SK, Solingen im S\u00fcdpark<\/p>\n\n\n\n<p>2024 Das kleine Wunder , <a href=\"http:\/\/galerie-plan-d.de\/text\/pland.htm\" target=\"_blank\" rel=\"noreferrer noopener\">plan d<\/a>, D\u00fcsseldorf<\/p>\n\n\n\n<p>2023 ArtPrint Residence, <a href=\"https:\/\/artprintresidence.com\">A<\/a><a href=\"https:\/\/artprintresidence.com\" target=\"_blank\" rel=\"noreferrer noopener\">rt Print Residence<\/a>, Arenys de Munt, Spanien<\/p>\n\n\n\n<p>2023 FIRE &amp; ICE, <a href=\"https:\/\/www.eventschmiede-solingen.de\" target=\"_blank\" rel=\"noreferrer noopener\">Eventschmiede<\/a>&nbsp;Solingen, unter der M\u00fcngstener Br\u00fccke<\/p>\n\n\n\n<p>2023 Hunde in der Kunst, <a href=\"http:\/\/www.AGLeverkusenerKuenstler.de\">Ga<\/a><a href=\"http:\/\/www.AGLeverkusenerKuenstler.de\" target=\"_blank\" rel=\"noreferrer noopener\">lerie K\u00fcnstlerbunker<\/a>, Leverkusen<\/p>\n\n\n\n<p>2023 Aktuelle Positionen, GEDOK 23, <a href=\"https:\/\/www.gedok-wuppertal.de\/kunsthalle-23\/\" target=\"_blank\" rel=\"noreferrer noopener\">Ku<\/a><a href=\"https:\/\/www.gedok-wuppertal.de\/kunsthalle-23\/\">nsthalle<\/a> Barmen<\/p>\n\n\n\n<p>2023 reset05, <a href=\"https:\/\/artoll.jimdofree.com\">ArToll Kunstlabor,<\/a> Bedburg Hau<\/p>\n\n\n\n<p>2023 Jubil\u00e4umsausstellung, <a href=\"https:\/\/galerie-am-stall-hude.de\" target=\"_blank\" rel=\"noreferrer noopener\">Galerie am Stal<\/a>l, Hude<\/p>\n\n\n\n<p>2023 side by side, Kunstmuseum Solingen<\/p>\n\n\n\n<p>2023 <a rel=\"noreferrer noopener\" href=\"https:\/\/www.villa-sponte.de\" target=\"_blank\">PANCH PUREN<\/a>, Villa Sponte, Bremen<\/p>\n\n\n\n<p>2022 four+artists &#8211; reset 03 | a-i-r- <a rel=\"noreferrer noopener\" href=\"https:\/\/artoll.jimdofree.com\/projekte-2022\/\" target=\"_blank\">artist in residence im ArToll<\/a> Kunstlabor<\/p>\n\n\n\n<p>2022 <a rel=\"noreferrer noopener\" href=\"https:\/\/www.kunstpunkte.de\/2022\/susanne-mueller-koelmel.html\" target=\"_blank\">Kunstpunkte D\u00fcsseldorf<\/a><\/p>\n\n\n\n<p>2022 <a rel=\"noreferrer noopener\" href=\"https:\/\/kunstinmillingen.nl\/riverdate\/\" target=\"_blank\">TELPOST- Riverdate<\/a>, Galerie SK Solingen (noch mehr Informationen <a rel=\"noreferrer noopener\" href=\"http:\/\/kunstinmillingen.nl\/meer-informatie-riverdate\/\" target=\"_blank\">hier<\/a> )<\/p>\n\n\n\n<p>2022 <a rel=\"noreferrer noopener\" href=\"https:\/\/www.solingen.de\/de\/aktuelles\/pressemitteilung-2022-154-ps\/\" target=\"_blank\">Projekt Goudse Icons<\/a>, Jubil\u00e4um 750 Jahre Gouda (Partnerstadt von Solingen), Niederlande<\/p>\n\n\n\n<p>2022 CELLULA-second edition, Kunstmuseum Solingen<\/p>\n\n\n\n<p>2021 gleich ist nicht gleich \/ Eine Initiative der BSA-Art Ober\u00f6sterreich und des BBK Niederbayern, <a rel=\"noreferrer noopener\" class=\"\" href=\"https:\/\/www.boterhal.com\/\" target=\"_blank\">Kunstcentrum \u201eDe Boterhal<\/a><\/p>\n\n\n\n<p>2021 Beelden op de kaart, <a rel=\"noreferrer noopener\" href=\"http:\/\/kunstinmillingen.nl\/beelden-op-de-kaart-2\/\" target=\"_blank\">kunstinmillingen.nl\/beelden-op-de-kaart-2<\/a> und&nbsp;<a rel=\"noreferrer noopener\" href=\"http:\/\/kunstinmillingen.nl\/susanne-muller-kolmel\/\" target=\"_blank\">kunstinmillingen.nl\/susanne-muller-kolmel<\/a> Ein Katalog ist erh\u00e4ltlich.&nbsp;<strong>Bei Interesse:<\/strong>&nbsp;susanne@mueller-koelmel.de<\/p>\n\n\n\n<p>2021 Plakart Solingen<\/p>\n\n\n\n<p>2021 <a rel=\"noreferrer noopener\" href=\"https:\/\/www.youtube.com\/watch?v=HKtaBmGyuqs\" target=\"_blank\">CELLULA<\/a>, Kunstmuseum Solingen<\/p>\n\n\n\n<p>2020 QU<strong>ART<\/strong>IER WALD, <a rel=\"noreferrer noopener\" href=\"https:\/\/www.solingerkuenstler.de\/sk-labor\/\" target=\"_blank\">SK-Labor<\/a><\/p>\n\n\n\n<p>2020 waterstand, <a href=\"https:\/\/kunstinmillingen.nl\">Telpos<\/a><a rel=\"noreferrer noopener\" href=\"https:\/\/kunstinmillingen.nl\" target=\"_blank\">t &#8211; Kunst in Millingen,<\/a>&nbsp;Niederlande<\/p>\n\n\n\n<p>2020 hush or rush | Kulturquartier Ursulinenhof, Galerie CdB, Linz,&nbsp;\u00d6sterreich<\/p>\n\n\n\n<p>2019 contact, <a href=\"https:\/\/artfacts.net\/institution\/galerie-bertuchi-tetouan\" target=\"_blank\" rel=\"noreferrer noopener\">Galerie Bertuchi<\/a>, Ecole des Arts et M\u00e9tiers, T\u00e9touan, Marokko<\/p>\n\n\n\n<p>2019 hush or rush |&nbsp;\u201eGleich ist nicht gleich\u201c, Kulturmodell&nbsp;Br\u00e4ugasse,&nbsp;Passau<\/p>\n\n\n\n<p>2018 <a href=\"https:\/\/artoll.jimdofree.com\" target=\"_blank\" rel=\"noreferrer noopener\">Kunstartoll, BedburgHau<\/a><\/p>\n\n\n\n<p>2018 don\u2019t forget Oaxaca | Park-Kultur, d-Mitte, D\u00fcsseldorf<\/p>\n\n\n\n<p>2018 Von Orkas u. anderen Tieren, SK-Labor, Galerie SK, SG<\/p>\n\n\n\n<p>2018<strong> <\/strong>Fotoweekend 2018<strong>&nbsp;<\/strong>D\u00fcsseldorf |Diskurs \u00fcber die M\u00f6glichkeiten der Fotografie, Flingern 15<\/p>\n\n\n\n<p>2017 Sommeraccrochage, <a rel=\"noreferrer noopener\" href=\"https:\/\/www.galerie-augarde.de\" target=\"_blank\">Galerie Augarde, Daun<\/a>, Vulkaneifel in&nbsp;Rheinland-Pfalz<\/p>\n\n\n\n<p>2016 Souvenir Tap | <a href=\"https:\/\/www.stadt-muenster.de\/kunst-am-rand\/startseite\" target=\"_blank\" rel=\"noreferrer noopener\">Kunst am Rand, M\u00fcnster<\/a><\/p>\n\n\n\n<p>2015<strong> <\/strong><a href=\"https:\/\/kunstaspekte.art\/event\/die-grosse-kunstausstellung-nrw-dusseldorf-2015-12-2014\" target=\"_blank\" rel=\"noreferrer noopener\">DIE GROSSE Kunstausstellung NRW<\/a><strong>, <\/strong>Museum Kunstpalast, D\u00fcsseldorf<\/p>\n\n\n\n<p>2015 wei\u00df<strong> |&nbsp;<\/strong>3Komma8 \u2013 hafenkult, Duisburg<\/p>\n\n\n\n<p>2015 Kunstraum&nbsp;Scheidt\u2019sche Hallen, Essen<\/p>\n\n\n\n<p>2015 3Komma8, Galerie Augarde, Daun<\/p>\n\n\n\n<p>2014 C.A.R. die innovative Kunstmesse, Essen<\/p>\n\n\n\n<p>2013 LOTS OF ART &#8211; St\u00e4dtische Galerie Bottrop&nbsp;<em>(Ankauf einer Arbeit)<\/em><\/p>\n\n\n\n<p>2012 Oberfl\u00e4che u. Erinnerung, Essen-Kupferdreh<\/p>\n\n\n\n<p>2008 &#8211; 2022 Jahresausstellungen SK,&nbsp;Kunstmuseum Solingen<\/p>\n\n\n\n<p>2010 gl\u00e4nzende Aussichten Galerie KU28, Essen&nbsp;<\/p>\n\n\n\n<p>2010 Magical Art Exhibition, Galerie Art Eck, SG<\/p>\n\n\n\n<p>2008 Marianne im Museum, MP 60, Frauenmuseum Bonn&nbsp;<\/p>\n\n\n\n<p>2007 Hommage an Paula Modersohn-Becker,&nbsp;<a rel=\"noreferrer noopener\" href=\"https:\/\/www.frauenmuseum.de\" target=\"_blank\">Frauenmuseum Bonn<\/a><\/p>\n\n\n\n<p>2002-2022 Themenausstellungen im <a href=\"https:\/\/sinneswald.net\" target=\"_blank\" rel=\"noreferrer noopener\">SinnesWald<\/a>, Skulpturenpark, Leichlingen<\/p>\n\n\n\n<p>2001&nbsp;Buchmesse Frankfurt, Ver\u00f6ffentlichung und Lesung \u201eEine Frau ist Frau ist eine Frau\u201c, ISBN 978-3-923261-83-3, <a href=\"https:\/\/www.editions-treves.de\/index.php\/component\/jshopping\/product\/view\/2\/102\" target=\"_blank\" rel=\"noreferrer noopener\">Verlag kleine Schritte<\/a><\/p>\n\n\n\n<p>1989&nbsp;Die&nbsp;&nbsp;versammelten Zehn, Examen, Diplom Designerin, UNI\/ GHS, Wuppertal<\/p>\n","protected":false},"excerpt":{"rendered":"<p>EINZELAUSSTELLUNGEN&nbsp;(Auswahl) 2024 lifeline Kunst in der Kanzlei 2023 Nominiert f\u00fcr den CityARTist 2023 Preis 2023 AUS HEITEREM HIMMEL, Galerie SK, Solingen \/S\u00fcdpark 2022 Stille Leben, Galerie am Stall, Hude (bei Oldenburg) 2021 TELPOST \u2013&nbsp;artist in residence,&nbsp;Susanne M\u00fcller-K\u00f6lmel,&nbsp;Kunst in Millingen 2020 all in one, Kunstmuseum Solingen 2017&nbsp;rest or run \u2013 Galerie SK Solingen 2017 outdoor,&nbsp;Florida\/ Naples [&hellip;]<\/p>\n","protected":false},"author":2,"featured_media":0,"parent":0,"menu_order":0,"comment_status":"closed","ping_status":"closed","template":"","meta":{"_uag_custom_page_level_css":"","pgc_sgb_lightbox_settings":"","ocean_post_layout":"","ocean_both_sidebars_style":"","ocean_both_sidebars_content_width":0,"ocean_both_sidebars_sidebars_width":0,"ocean_sidebar":"0","ocean_second_sidebar":"0","ocean_disable_margins":"enable","ocean_add_body_class":"","ocean_shortcode_before_top_bar":"","ocean_shortcode_after_top_bar":"","ocean_shortcode_before_header":"","ocean_shortcode_after_header":"","ocean_has_shortcode":"","ocean_shortcode_after_title":"","ocean_shortcode_before_footer_widgets":"","ocean_shortcode_after_footer_widgets":"","ocean_shortcode_before_footer_bottom":"","ocean_shortcode_after_footer_bottom":"","ocean_display_top_bar":"default","ocean_display_header":"default","ocean_header_style":"","ocean_center_header_left_menu":"0","ocean_custom_header_template":"0","ocean_custom_logo":0,"ocean_custom_retina_logo":0,"ocean_custom_logo_max_width":0,"ocean_custom_logo_tablet_max_width":0,"ocean_custom_logo_mobile_max_width":0,"ocean_custom_logo_max_height":0,"ocean_custom_logo_tablet_max_height":0,"ocean_custom_logo_mobile_max_height":0,"ocean_header_custom_menu":"0","ocean_menu_typo_font_family":"0","ocean_menu_typo_font_subset":"","ocean_menu_typo_font_size":0,"ocean_menu_typo_font_size_tablet":0,"ocean_menu_typo_font_size_mobile":0,"ocean_menu_typo_font_size_unit":"px","ocean_menu_typo_font_weight":"","ocean_menu_typo_font_weight_tablet":"","ocean_menu_typo_font_weight_mobile":"","ocean_menu_typo_transform":"","ocean_menu_typo_transform_tablet":"","ocean_menu_typo_transform_mobile":"","ocean_menu_typo_line_height":0,"ocean_menu_typo_line_height_tablet":0,"ocean_menu_typo_line_height_mobile":0,"ocean_menu_typo_line_height_unit":"","ocean_menu_typo_spacing":0,"ocean_menu_typo_spacing_tablet":0,"ocean_menu_typo_spacing_mobile":0,"ocean_menu_typo_spacing_unit":"","ocean_menu_link_color":"","ocean_menu_link_color_hover":"","ocean_menu_link_color_active":"","ocean_menu_link_background":"","ocean_menu_link_hover_background":"","ocean_menu_link_active_background":"","ocean_menu_social_links_bg":"","ocean_menu_social_hover_links_bg":"","ocean_menu_social_links_color":"","ocean_menu_social_hover_links_color":"","ocean_disable_title":"default","ocean_disable_heading":"default","ocean_post_title":"","ocean_post_subheading":"","ocean_post_title_style":"","ocean_post_title_background_color":"","ocean_post_title_background":0,"ocean_post_title_bg_image_position":"","ocean_post_title_bg_image_attachment":"","ocean_post_title_bg_image_repeat":"","ocean_post_title_bg_image_size":"","ocean_post_title_height":0,"ocean_post_title_bg_overlay":0.5,"ocean_post_title_bg_overlay_color":"","ocean_disable_breadcrumbs":"default","ocean_breadcrumbs_color":"","ocean_breadcrumbs_separator_color":"","ocean_breadcrumbs_links_color":"","ocean_breadcrumbs_links_hover_color":"","ocean_display_footer_widgets":"default","ocean_display_footer_bottom":"default","ocean_custom_footer_template":"0","footnotes":""},"class_list":["post-4211","page","type-page","status-publish","hentry","entry"],"featured_image_src":null,"uagb_featured_image_src":{"full":false,"thumbnail":false,"medium":false,"medium_large":false,"large":false,"1536x1536":false,"2048x2048":false,"ocean-thumb-m":false,"ocean-thumb-ml":false,"ocean-thumb-l":false},"uagb_author_info":{"display_name":"Susanne M\u00fcller-K\u00f6lmel","author_link":"https:\/\/smk-art.de\/art\/author\/susanne\/"},"uagb_comment_info":0,"uagb_excerpt":"EINZELAUSSTELLUNGEN&nbsp;(Auswahl) 2024 lifeline Kunst in der Kanzlei 2023 Nominiert f\u00fcr den CityARTist 2023 Preis 2023 AUS HEITEREM HIMMEL, Galerie SK, Solingen \/S\u00fcdpark 2022 Stille Leben, Galerie am Stall, Hude (bei Oldenburg) 2021 TELPOST \u2013&nbsp;artist in residence,&nbsp;Susanne M\u00fcller-K\u00f6lmel,&nbsp;Kunst in Millingen 2020 all in one, Kunstmuseum Solingen 2017&nbsp;rest or run \u2013 Galerie SK Solingen 2017 outdoor,&nbsp;Florida\/ Naples&hellip;","_links":{"self":[{"href":"https:\/\/smk-art.de\/art\/wp-json\/wp\/v2\/pages\/4211","targetHints":{"allow":["GET"]}}],"collection":[{"href":"https:\/\/smk-art.de\/art\/wp-json\/wp\/v2\/pages"}],"about":[{"href":"https:\/\/smk-art.de\/art\/wp-json\/wp\/v2\/types\/page"}],"author":[{"embeddable":true,"href":"https:\/\/smk-art.de\/art\/wp-json\/wp\/v2\/users\/2"}],"replies":[{"embeddable":true,"href":"https:\/\/smk-art.de\/art\/wp-json\/wp\/v2\/comments?post=4211"}],"version-history":[{"count":53,"href":"https:\/\/smk-art.de\/art\/wp-json\/wp\/v2\/pages\/4211\/revisions"}],"predecessor-version":[{"id":8709,"href":"https:\/\/smk-art.de\/art\/wp-json\/wp\/v2\/pages\/4211\/revisions\/8709"}],"wp:attachment":[{"href":"https:\/\/smk-art.de\/art\/wp-json\/wp\/v2\/media?parent=4211"}],"curies":[{"name":"wp","href":"https:\/\/api.w.org\/{rel}","templated":true}]}}