{"id":7166,"date":"2024-04-04T12:12:54","date_gmt":"2024-04-04T10:12:54","guid":{"rendered":"https:\/\/smk-art.de\/art\/?page_id=7166"},"modified":"2024-04-04T12:15:05","modified_gmt":"2024-04-04T10:15:05","slug":"i-need-flowers","status":"publish","type":"page","link":"https:\/\/smk-art.de\/art\/i-need-flowers\/","title":{"rendered":"I need flowers"},"content":{"rendered":"\n<p>Das Abtasten der aus den Fugen geratenen Welt f\u00fchrt unmittelbar zu einer Malerei mit dynamischem Farbauftrag, st\u00e4rkerer Aufl\u00f6sung und \u00dcberlagerungen. Den \u201eschweren\u201c Inhalten bietet die K\u00fcnstlerin mit verd\u00fcnnter Farbe und zunehmend\u00a0fl\u00fcchtigen Pinselstrichen\u00a0die Stirn.\u00a0Geschehen lassen, was unvorhersehbar, unerwartet, skurril, bizarr, befremdlich sowie \u00fcberraschend auftaucht.<\/p>\n\n\n\n<figure class=\"wp-block-gallery has-nested-images columns-4 is-cropped wp-block-gallery-1 is-layout-flex wp-block-gallery-is-layout-flex\">\n<figure class=\"wp-block-image size-large\"><a href=\"https:\/\/smk-art.de\/art\/wp-content\/uploads\/2024\/04\/i-need-flowers-120-95-susanne-mueller-koelmel.jpg\"><img loading=\"lazy\" decoding=\"async\" width=\"761\" height=\"960\" data-id=\"7179\" src=\"https:\/\/smk-art.de\/art\/wp-content\/uploads\/2024\/04\/i-need-flowers-120-95-susanne-mueller-koelmel.jpg\" alt=\"\" class=\"wp-image-7179\" srcset=\"https:\/\/smk-art.de\/art\/wp-content\/uploads\/2024\/04\/i-need-flowers-120-95-susanne-mueller-koelmel.jpg 761w, https:\/\/smk-art.de\/art\/wp-content\/uploads\/2024\/04\/i-need-flowers-120-95-susanne-mueller-koelmel-238x300.jpg 238w\" sizes=\"auto, (max-width: 761px) 100vw, 761px\" \/><\/a><\/figure>\n\n\n\n<figure class=\"wp-block-image size-large\"><a href=\"https:\/\/smk-art.de\/art\/wp-content\/uploads\/2024\/04\/i-need-flowers-ausstellungsansicht-aus-heiterem-himmel-4-2023-susanne-mueller-koelmel.jpg\"><img loading=\"lazy\" decoding=\"async\" width=\"697\" height=\"960\" data-id=\"7181\" src=\"https:\/\/smk-art.de\/art\/wp-content\/uploads\/2024\/04\/i-need-flowers-ausstellungsansicht-aus-heiterem-himmel-4-2023-susanne-mueller-koelmel.jpg\" alt=\"\" class=\"wp-image-7181\" srcset=\"https:\/\/smk-art.de\/art\/wp-content\/uploads\/2024\/04\/i-need-flowers-ausstellungsansicht-aus-heiterem-himmel-4-2023-susanne-mueller-koelmel.jpg 697w, https:\/\/smk-art.de\/art\/wp-content\/uploads\/2024\/04\/i-need-flowers-ausstellungsansicht-aus-heiterem-himmel-4-2023-susanne-mueller-koelmel-218x300.jpg 218w\" sizes=\"auto, (max-width: 697px) 100vw, 697px\" \/><\/a><\/figure>\n\n\n\n<figure class=\"wp-block-image size-large\"><a href=\"https:\/\/smk-art.de\/art\/wp-content\/uploads\/2024\/04\/i-need-flowers-160-120-susanne-mueller-koelmel.jpg\"><img loading=\"lazy\" decoding=\"async\" width=\"707\" height=\"960\" data-id=\"7180\" src=\"https:\/\/smk-art.de\/art\/wp-content\/uploads\/2024\/04\/i-need-flowers-160-120-susanne-mueller-koelmel.jpg\" alt=\"\" class=\"wp-image-7180\" srcset=\"https:\/\/smk-art.de\/art\/wp-content\/uploads\/2024\/04\/i-need-flowers-160-120-susanne-mueller-koelmel.jpg 707w, https:\/\/smk-art.de\/art\/wp-content\/uploads\/2024\/04\/i-need-flowers-160-120-susanne-mueller-koelmel-221x300.jpg 221w\" sizes=\"auto, (max-width: 707px) 100vw, 707px\" \/><\/a><\/figure>\n\n\n\n<figure class=\"wp-block-image size-large\"><a href=\"https:\/\/smk-art.de\/art\/wp-content\/uploads\/2024\/04\/i-need-flowers-dahin-susanne-mueller-koelmel.jpg\"><img loading=\"lazy\" decoding=\"async\" width=\"755\" height=\"960\" data-id=\"7182\" src=\"https:\/\/smk-art.de\/art\/wp-content\/uploads\/2024\/04\/i-need-flowers-dahin-susanne-mueller-koelmel.jpg\" alt=\"\" class=\"wp-image-7182\" srcset=\"https:\/\/smk-art.de\/art\/wp-content\/uploads\/2024\/04\/i-need-flowers-dahin-susanne-mueller-koelmel.jpg 755w, https:\/\/smk-art.de\/art\/wp-content\/uploads\/2024\/04\/i-need-flowers-dahin-susanne-mueller-koelmel-236x300.jpg 236w\" sizes=\"auto, (max-width: 755px) 100vw, 755px\" \/><\/a><\/figure>\n\n\n\n<figure class=\"wp-block-image size-large\"><a href=\"https:\/\/smk-art.de\/art\/wp-content\/uploads\/2024\/04\/i-need-flowers-tablecloth-f-susanne-mueller-koelmel.jpg\"><img loading=\"lazy\" decoding=\"async\" width=\"960\" height=\"787\" data-id=\"7185\" src=\"https:\/\/smk-art.de\/art\/wp-content\/uploads\/2024\/04\/i-need-flowers-tablecloth-f-susanne-mueller-koelmel.jpg\" alt=\"\" class=\"wp-image-7185\" srcset=\"https:\/\/smk-art.de\/art\/wp-content\/uploads\/2024\/04\/i-need-flowers-tablecloth-f-susanne-mueller-koelmel.jpg 960w, https:\/\/smk-art.de\/art\/wp-content\/uploads\/2024\/04\/i-need-flowers-tablecloth-f-susanne-mueller-koelmel-300x246.jpg 300w, https:\/\/smk-art.de\/art\/wp-content\/uploads\/2024\/04\/i-need-flowers-tablecloth-f-susanne-mueller-koelmel-768x630.jpg 768w\" sizes=\"auto, (max-width: 960px) 100vw, 960px\" \/><\/a><\/figure>\n\n\n\n<figure class=\"wp-block-image size-large\"><a href=\"https:\/\/smk-art.de\/art\/wp-content\/uploads\/2024\/04\/i-need-flowers-tablecloth-installation-susanne-mueller-koelmel.jpg\"><img loading=\"lazy\" decoding=\"async\" width=\"751\" height=\"960\" data-id=\"7186\" src=\"https:\/\/smk-art.de\/art\/wp-content\/uploads\/2024\/04\/i-need-flowers-tablecloth-installation-susanne-mueller-koelmel.jpg\" alt=\"\" class=\"wp-image-7186\" srcset=\"https:\/\/smk-art.de\/art\/wp-content\/uploads\/2024\/04\/i-need-flowers-tablecloth-installation-susanne-mueller-koelmel.jpg 751w, https:\/\/smk-art.de\/art\/wp-content\/uploads\/2024\/04\/i-need-flowers-tablecloth-installation-susanne-mueller-koelmel-235x300.jpg 235w\" sizes=\"auto, (max-width: 751px) 100vw, 751px\" \/><\/a><\/figure>\n\n\n\n<figure class=\"wp-block-image size-large\"><a href=\"https:\/\/smk-art.de\/art\/wp-content\/uploads\/2024\/04\/i-need-flowers-transparente-susanne-mueller-koelmel.jpg\"><img loading=\"lazy\" decoding=\"async\" width=\"720\" height=\"960\" data-id=\"7187\" src=\"https:\/\/smk-art.de\/art\/wp-content\/uploads\/2024\/04\/i-need-flowers-transparente-susanne-mueller-koelmel.jpg\" alt=\"\" class=\"wp-image-7187\" srcset=\"https:\/\/smk-art.de\/art\/wp-content\/uploads\/2024\/04\/i-need-flowers-transparente-susanne-mueller-koelmel.jpg 720w, https:\/\/smk-art.de\/art\/wp-content\/uploads\/2024\/04\/i-need-flowers-transparente-susanne-mueller-koelmel-225x300.jpg 225w\" sizes=\"auto, (max-width: 720px) 100vw, 720px\" \/><\/a><\/figure>\n\n\n\n<figure class=\"wp-block-image size-large\"><a href=\"https:\/\/smk-art.de\/art\/wp-content\/uploads\/2024\/04\/floral-smk1-susanne-mueller-koelmel.jpg\"><img loading=\"lazy\" decoding=\"async\" width=\"622\" height=\"960\" data-id=\"7167\" src=\"https:\/\/smk-art.de\/art\/wp-content\/uploads\/2024\/04\/floral-smk1-susanne-mueller-koelmel.jpg\" alt=\"\" class=\"wp-image-7167\" srcset=\"https:\/\/smk-art.de\/art\/wp-content\/uploads\/2024\/04\/floral-smk1-susanne-mueller-koelmel.jpg 622w, https:\/\/smk-art.de\/art\/wp-content\/uploads\/2024\/04\/floral-smk1-susanne-mueller-koelmel-194x300.jpg 194w\" sizes=\"auto, (max-width: 622px) 100vw, 622px\" \/><\/a><\/figure>\n<\/figure>\n\n\n\n<p>Es bleibt notwendig Strategien des Standhaltens zu entwickeln und die Spanne zwischen Erwartung und Erf\u00fcllung auszuloten. Zwischen Erinnerungen, fl\u00fcchtigen Ideen und greifbaren Erfahrungen st\u00e4ndig Position zu beziehen und sich immer wieder, nach L\u00f6sungen suchend, einzupendeln hat mich zu der Werkreihe&nbsp;<strong>I NEED FLOWERS&nbsp;<\/strong>angeregt.&nbsp;<\/p>\n\n\n\n<p>Pflanzen stellen das Vergehen der Zeit, den ewigen Kreislauf der Natur dar.&nbsp;&nbsp;Hier kn\u00fcpft Susanne M\u00fcller-K\u00f6lmel an die lange Tradition der europ\u00e4ischen Malerei an, in der Blumenstilleben sinnbildlich f\u00fcr die Verg\u00e4nglichkeit des Lebens stehen. In der n\u00e4heren Betrachtung ist der Duktus, sind die Formen als Farbstriche und Farbfl\u00e4chen erkennbar und die Malerei selbst, der Herstellungsprozess als solcher wird sichtbar. Der ewige Kreislauf der Natur, liefert die Strategien zum Standhalten.<\/p>\n\n\n\n<figure class=\"wp-block-gallery has-nested-images columns-default is-cropped wp-block-gallery-2 is-layout-flex wp-block-gallery-is-layout-flex\">\n<figure class=\"wp-block-image size-large\"><a href=\"https:\/\/smk-art.de\/art\/wp-content\/uploads\/2024\/04\/gipspflanzen-susanne-mueller-koelmel.jpg\"><img loading=\"lazy\" decoding=\"async\" width=\"960\" height=\"812\" data-id=\"7178\" src=\"https:\/\/smk-art.de\/art\/wp-content\/uploads\/2024\/04\/gipspflanzen-susanne-mueller-koelmel.jpg\" alt=\"\" class=\"wp-image-7178\" srcset=\"https:\/\/smk-art.de\/art\/wp-content\/uploads\/2024\/04\/gipspflanzen-susanne-mueller-koelmel.jpg 960w, https:\/\/smk-art.de\/art\/wp-content\/uploads\/2024\/04\/gipspflanzen-susanne-mueller-koelmel-300x254.jpg 300w, https:\/\/smk-art.de\/art\/wp-content\/uploads\/2024\/04\/gipspflanzen-susanne-mueller-koelmel-768x650.jpg 768w\" sizes=\"auto, (max-width: 960px) 100vw, 960px\" \/><\/a><\/figure>\n\n\n\n<figure class=\"wp-block-image size-large\"><a href=\"https:\/\/smk-art.de\/art\/wp-content\/uploads\/2024\/04\/gipspflanzen-ausstellungsansicht-2023-susanne-mueller-koelmel.jpg\"><img loading=\"lazy\" decoding=\"async\" width=\"720\" height=\"960\" data-id=\"7177\" src=\"https:\/\/smk-art.de\/art\/wp-content\/uploads\/2024\/04\/gipspflanzen-ausstellungsansicht-2023-susanne-mueller-koelmel.jpg\" alt=\"\" class=\"wp-image-7177\" srcset=\"https:\/\/smk-art.de\/art\/wp-content\/uploads\/2024\/04\/gipspflanzen-ausstellungsansicht-2023-susanne-mueller-koelmel.jpg 720w, https:\/\/smk-art.de\/art\/wp-content\/uploads\/2024\/04\/gipspflanzen-ausstellungsansicht-2023-susanne-mueller-koelmel-225x300.jpg 225w\" sizes=\"auto, (max-width: 720px) 100vw, 720px\" \/><\/a><\/figure>\n\n\n\n<figure class=\"wp-block-image size-large\"><a href=\"https:\/\/smk-art.de\/art\/wp-content\/uploads\/2024\/04\/gipspflanze2-susanne-mueller-koelmel.jpg\"><img loading=\"lazy\" decoding=\"async\" width=\"711\" height=\"960\" data-id=\"7176\" src=\"https:\/\/smk-art.de\/art\/wp-content\/uploads\/2024\/04\/gipspflanze2-susanne-mueller-koelmel.jpg\" alt=\"\" class=\"wp-image-7176\" srcset=\"https:\/\/smk-art.de\/art\/wp-content\/uploads\/2024\/04\/gipspflanze2-susanne-mueller-koelmel.jpg 711w, https:\/\/smk-art.de\/art\/wp-content\/uploads\/2024\/04\/gipspflanze2-susanne-mueller-koelmel-222x300.jpg 222w\" sizes=\"auto, (max-width: 711px) 100vw, 711px\" \/><\/a><\/figure>\n\n\n\n<figure class=\"wp-block-image size-large\"><a href=\"https:\/\/smk-art.de\/art\/wp-content\/uploads\/2024\/04\/gipspflanze-tulpe-susanne-mueller-koelmel.jpg\"><img loading=\"lazy\" decoding=\"async\" width=\"714\" height=\"960\" data-id=\"7175\" src=\"https:\/\/smk-art.de\/art\/wp-content\/uploads\/2024\/04\/gipspflanze-tulpe-susanne-mueller-koelmel.jpg\" alt=\"\" class=\"wp-image-7175\" srcset=\"https:\/\/smk-art.de\/art\/wp-content\/uploads\/2024\/04\/gipspflanze-tulpe-susanne-mueller-koelmel.jpg 714w, https:\/\/smk-art.de\/art\/wp-content\/uploads\/2024\/04\/gipspflanze-tulpe-susanne-mueller-koelmel-223x300.jpg 223w\" sizes=\"auto, (max-width: 714px) 100vw, 714px\" \/><\/a><\/figure>\n\n\n\n<figure class=\"wp-block-image size-large\"><a href=\"https:\/\/smk-art.de\/art\/wp-content\/uploads\/2024\/04\/gipspflanze-gras-susanne-mueller-koelmel.jpg\"><img loading=\"lazy\" decoding=\"async\" width=\"597\" height=\"960\" data-id=\"7174\" src=\"https:\/\/smk-art.de\/art\/wp-content\/uploads\/2024\/04\/gipspflanze-gras-susanne-mueller-koelmel.jpg\" alt=\"\" class=\"wp-image-7174\" srcset=\"https:\/\/smk-art.de\/art\/wp-content\/uploads\/2024\/04\/gipspflanze-gras-susanne-mueller-koelmel.jpg 597w, https:\/\/smk-art.de\/art\/wp-content\/uploads\/2024\/04\/gipspflanze-gras-susanne-mueller-koelmel-187x300.jpg 187w\" sizes=\"auto, (max-width: 597px) 100vw, 597px\" \/><\/a><\/figure>\n\n\n\n<figure class=\"wp-block-image size-large\"><a href=\"https:\/\/smk-art.de\/art\/wp-content\/uploads\/2024\/04\/gipspflanze-geaest-susanne-mueller-koelmel.jpg\"><img loading=\"lazy\" decoding=\"async\" width=\"761\" height=\"960\" data-id=\"7173\" src=\"https:\/\/smk-art.de\/art\/wp-content\/uploads\/2024\/04\/gipspflanze-geaest-susanne-mueller-koelmel.jpg\" alt=\"\" class=\"wp-image-7173\" srcset=\"https:\/\/smk-art.de\/art\/wp-content\/uploads\/2024\/04\/gipspflanze-geaest-susanne-mueller-koelmel.jpg 761w, https:\/\/smk-art.de\/art\/wp-content\/uploads\/2024\/04\/gipspflanze-geaest-susanne-mueller-koelmel-238x300.jpg 238w\" sizes=\"auto, (max-width: 761px) 100vw, 761px\" \/><\/a><\/figure>\n\n\n\n<figure class=\"wp-block-image size-large\"><a href=\"https:\/\/smk-art.de\/art\/wp-content\/uploads\/2024\/04\/gipspflanze-distel-susanne-mueller-koelmel.jpg\"><img loading=\"lazy\" decoding=\"async\" width=\"751\" height=\"960\" data-id=\"7172\" src=\"https:\/\/smk-art.de\/art\/wp-content\/uploads\/2024\/04\/gipspflanze-distel-susanne-mueller-koelmel.jpg\" alt=\"\" class=\"wp-image-7172\" srcset=\"https:\/\/smk-art.de\/art\/wp-content\/uploads\/2024\/04\/gipspflanze-distel-susanne-mueller-koelmel.jpg 751w, https:\/\/smk-art.de\/art\/wp-content\/uploads\/2024\/04\/gipspflanze-distel-susanne-mueller-koelmel-235x300.jpg 235w\" sizes=\"auto, (max-width: 751px) 100vw, 751px\" \/><\/a><\/figure>\n\n\n\n<figure class=\"wp-block-image size-large\"><a href=\"https:\/\/smk-art.de\/art\/wp-content\/uploads\/2024\/04\/gipspflanze-blatt2-susanne-mueller-koelmel.jpg\"><img loading=\"lazy\" decoding=\"async\" width=\"695\" height=\"960\" data-id=\"7171\" src=\"https:\/\/smk-art.de\/art\/wp-content\/uploads\/2024\/04\/gipspflanze-blatt2-susanne-mueller-koelmel.jpg\" alt=\"\" class=\"wp-image-7171\" srcset=\"https:\/\/smk-art.de\/art\/wp-content\/uploads\/2024\/04\/gipspflanze-blatt2-susanne-mueller-koelmel.jpg 695w, https:\/\/smk-art.de\/art\/wp-content\/uploads\/2024\/04\/gipspflanze-blatt2-susanne-mueller-koelmel-217x300.jpg 217w\" sizes=\"auto, (max-width: 695px) 100vw, 695px\" \/><\/a><\/figure>\n\n\n\n<figure class=\"wp-block-image size-large\"><a href=\"https:\/\/smk-art.de\/art\/wp-content\/uploads\/2024\/04\/gibspflanze-eukalyptus-susanne-mueller-koelmel.jpg\"><img loading=\"lazy\" decoding=\"async\" width=\"608\" height=\"960\" data-id=\"7170\" src=\"https:\/\/smk-art.de\/art\/wp-content\/uploads\/2024\/04\/gibspflanze-eukalyptus-susanne-mueller-koelmel.jpg\" alt=\"\" class=\"wp-image-7170\" srcset=\"https:\/\/smk-art.de\/art\/wp-content\/uploads\/2024\/04\/gibspflanze-eukalyptus-susanne-mueller-koelmel.jpg 608w, https:\/\/smk-art.de\/art\/wp-content\/uploads\/2024\/04\/gibspflanze-eukalyptus-susanne-mueller-koelmel-190x300.jpg 190w\" sizes=\"auto, (max-width: 608px) 100vw, 608px\" \/><\/a><\/figure>\n<\/figure>\n\n\n\n<p>Eingegipst erhalten die fragilen Gebilde H\u00fclle und Schutz. Vergehen und Werden bewahrt als eine Form der Erinnerung.<\/p>\n","protected":false},"excerpt":{"rendered":"<p>Das Abtasten der aus den Fugen geratenen Welt f\u00fchrt unmittelbar zu einer Malerei mit dynamischem Farbauftrag, st\u00e4rkerer Aufl\u00f6sung und \u00dcberlagerungen. Den \u201eschweren\u201c Inhalten bietet die K\u00fcnstlerin mit verd\u00fcnnter Farbe und zunehmend\u00a0fl\u00fcchtigen Pinselstrichen\u00a0die Stirn.\u00a0Geschehen lassen, was unvorhersehbar, unerwartet, skurril, bizarr, befremdlich sowie \u00fcberraschend auftaucht. Es bleibt notwendig Strategien des Standhaltens zu entwickeln und die Spanne zwischen [&hellip;]<\/p>\n","protected":false},"author":2,"featured_media":0,"parent":0,"menu_order":0,"comment_status":"closed","ping_status":"closed","template":"","meta":{"_uag_custom_page_level_css":"","pgc_sgb_lightbox_settings":"","ocean_post_layout":"","ocean_both_sidebars_style":"","ocean_both_sidebars_content_width":0,"ocean_both_sidebars_sidebars_width":0,"ocean_sidebar":"","ocean_second_sidebar":"","ocean_disable_margins":"enable","ocean_add_body_class":"","ocean_shortcode_before_top_bar":"","ocean_shortcode_after_top_bar":"","ocean_shortcode_before_header":"","ocean_shortcode_after_header":"","ocean_has_shortcode":"","ocean_shortcode_after_title":"","ocean_shortcode_before_footer_widgets":"","ocean_shortcode_after_footer_widgets":"","ocean_shortcode_before_footer_bottom":"","ocean_shortcode_after_footer_bottom":"","ocean_display_top_bar":"default","ocean_display_header":"default","ocean_header_style":"","ocean_center_header_left_menu":"","ocean_custom_header_template":"","ocean_custom_logo":0,"ocean_custom_retina_logo":0,"ocean_custom_logo_max_width":0,"ocean_custom_logo_tablet_max_width":0,"ocean_custom_logo_mobile_max_width":0,"ocean_custom_logo_max_height":0,"ocean_custom_logo_tablet_max_height":0,"ocean_custom_logo_mobile_max_height":0,"ocean_header_custom_menu":"","ocean_menu_typo_font_family":"","ocean_menu_typo_font_subset":"","ocean_menu_typo_font_size":0,"ocean_menu_typo_font_size_tablet":0,"ocean_menu_typo_font_size_mobile":0,"ocean_menu_typo_font_size_unit":"px","ocean_menu_typo_font_weight":"","ocean_menu_typo_font_weight_tablet":"","ocean_menu_typo_font_weight_mobile":"","ocean_menu_typo_transform":"","ocean_menu_typo_transform_tablet":"","ocean_menu_typo_transform_mobile":"","ocean_menu_typo_line_height":0,"ocean_menu_typo_line_height_tablet":0,"ocean_menu_typo_line_height_mobile":0,"ocean_menu_typo_line_height_unit":"","ocean_menu_typo_spacing":0,"ocean_menu_typo_spacing_tablet":0,"ocean_menu_typo_spacing_mobile":0,"ocean_menu_typo_spacing_unit":"","ocean_menu_link_color":"","ocean_menu_link_color_hover":"","ocean_menu_link_color_active":"","ocean_menu_link_background":"","ocean_menu_link_hover_background":"","ocean_menu_link_active_background":"","ocean_menu_social_links_bg":"","ocean_menu_social_hover_links_bg":"","ocean_menu_social_links_color":"","ocean_menu_social_hover_links_color":"","ocean_disable_title":"default","ocean_disable_heading":"default","ocean_post_title":"","ocean_post_subheading":"","ocean_post_title_style":"","ocean_post_title_background_color":"","ocean_post_title_background":0,"ocean_post_title_bg_image_position":"","ocean_post_title_bg_image_attachment":"","ocean_post_title_bg_image_repeat":"","ocean_post_title_bg_image_size":"","ocean_post_title_height":0,"ocean_post_title_bg_overlay":0.5,"ocean_post_title_bg_overlay_color":"","ocean_disable_breadcrumbs":"default","ocean_breadcrumbs_color":"","ocean_breadcrumbs_separator_color":"","ocean_breadcrumbs_links_color":"","ocean_breadcrumbs_links_hover_color":"","ocean_display_footer_widgets":"default","ocean_display_footer_bottom":"default","ocean_custom_footer_template":"","footnotes":""},"class_list":["post-7166","page","type-page","status-publish","hentry","entry"],"featured_image_src":null,"uagb_featured_image_src":{"full":false,"thumbnail":false,"medium":false,"medium_large":false,"large":false,"1536x1536":false,"2048x2048":false,"ocean-thumb-m":false,"ocean-thumb-ml":false,"ocean-thumb-l":false},"uagb_author_info":{"display_name":"Susanne M\u00fcller-K\u00f6lmel","author_link":"https:\/\/smk-art.de\/art\/author\/susanne\/"},"uagb_comment_info":0,"uagb_excerpt":"Das Abtasten der aus den Fugen geratenen Welt f\u00fchrt unmittelbar zu einer Malerei mit dynamischem Farbauftrag, st\u00e4rkerer Aufl\u00f6sung und \u00dcberlagerungen. Den \u201eschweren\u201c Inhalten bietet die K\u00fcnstlerin mit verd\u00fcnnter Farbe und zunehmend\u00a0fl\u00fcchtigen Pinselstrichen\u00a0die Stirn.\u00a0Geschehen lassen, was unvorhersehbar, unerwartet, skurril, bizarr, befremdlich sowie \u00fcberraschend auftaucht. Es bleibt notwendig Strategien des Standhaltens zu entwickeln und die Spanne zwischen&hellip;","_links":{"self":[{"href":"https:\/\/smk-art.de\/art\/wp-json\/wp\/v2\/pages\/7166","targetHints":{"allow":["GET"]}}],"collection":[{"href":"https:\/\/smk-art.de\/art\/wp-json\/wp\/v2\/pages"}],"about":[{"href":"https:\/\/smk-art.de\/art\/wp-json\/wp\/v2\/types\/page"}],"author":[{"embeddable":true,"href":"https:\/\/smk-art.de\/art\/wp-json\/wp\/v2\/users\/2"}],"replies":[{"embeddable":true,"href":"https:\/\/smk-art.de\/art\/wp-json\/wp\/v2\/comments?post=7166"}],"version-history":[{"count":3,"href":"https:\/\/smk-art.de\/art\/wp-json\/wp\/v2\/pages\/7166\/revisions"}],"predecessor-version":[{"id":7193,"href":"https:\/\/smk-art.de\/art\/wp-json\/wp\/v2\/pages\/7166\/revisions\/7193"}],"wp:attachment":[{"href":"https:\/\/smk-art.de\/art\/wp-json\/wp\/v2\/media?parent=7166"}],"curies":[{"name":"wp","href":"https:\/\/api.w.org\/{rel}","templated":true}]}}