{"id":8297,"date":"2025-08-28T11:36:20","date_gmt":"2025-08-28T09:36:20","guid":{"rendered":"https:\/\/smk-art.de\/art\/?page_id=8297"},"modified":"2025-08-28T11:38:04","modified_gmt":"2025-08-28T09:38:04","slug":"statement","status":"publish","type":"page","link":"https:\/\/smk-art.de\/art\/statement\/","title":{"rendered":"Statement"},"content":{"rendered":"\n<p>Meine k\u00fcnstlerische Praxis bewegt sich im Spannungsfeld zwischen Erinnerung und aktuellen gesellschaftlichen Ereignissen. Im Zentrum steht dabei die best\u00e4ndige Auseinandersetzung mit Techniken, Materialien und kreativen Prozessen, die es mir erm\u00f6glichen, Verbindungen und Br\u00fcche sichtbar zu machen, das Leben zu verstehen, zu reflektieren und zu gestalten.&nbsp;Die Relevanz meiner Arbeit liegt darin, Wege zu erkunden, wie ein sensibler Umgang mit den zentralen Fragen des Lebens in einem sich st\u00e4ndig wandelnden Umfeld erhalten und weiterentwickelt werden kann. Erinnerung ist dabei nicht blo\u00df R\u00fcckgriff auf Vergangenes, sondern Ausgangspunkt, der neue Horizonte er\u00f6ffnet.<\/p>\n\n\n\n<figure class=\"wp-block-gallery has-nested-images columns-default is-cropped wp-block-gallery-1 is-layout-flex wp-block-gallery-is-layout-flex\">\n<figure class=\"wp-block-image size-large\"><img loading=\"lazy\" decoding=\"async\" width=\"960\" height=\"682\" data-id=\"8298\" src=\"https:\/\/smk-art.de\/art\/wp-content\/uploads\/2025\/08\/statementbild-susanne-mueller-koelmel-2.jpg\" alt=\"\" class=\"wp-image-8298\" srcset=\"https:\/\/smk-art.de\/art\/wp-content\/uploads\/2025\/08\/statementbild-susanne-mueller-koelmel-2.jpg 960w, https:\/\/smk-art.de\/art\/wp-content\/uploads\/2025\/08\/statementbild-susanne-mueller-koelmel-2-300x213.jpg 300w, https:\/\/smk-art.de\/art\/wp-content\/uploads\/2025\/08\/statementbild-susanne-mueller-koelmel-2-768x546.jpg 768w\" sizes=\"auto, (max-width: 960px) 100vw, 960px\" \/><\/figure>\n\n\n\n<figure class=\"wp-block-image size-large\"><img loading=\"lazy\" decoding=\"async\" width=\"960\" height=\"682\" data-id=\"8299\" src=\"https:\/\/smk-art.de\/art\/wp-content\/uploads\/2025\/08\/statementbild-susanne-mueller-koelmel-1.jpg\" alt=\"\" class=\"wp-image-8299\" srcset=\"https:\/\/smk-art.de\/art\/wp-content\/uploads\/2025\/08\/statementbild-susanne-mueller-koelmel-1.jpg 960w, https:\/\/smk-art.de\/art\/wp-content\/uploads\/2025\/08\/statementbild-susanne-mueller-koelmel-1-300x213.jpg 300w, https:\/\/smk-art.de\/art\/wp-content\/uploads\/2025\/08\/statementbild-susanne-mueller-koelmel-1-768x546.jpg 768w\" sizes=\"auto, (max-width: 960px) 100vw, 960px\" \/><\/figure>\n<\/figure>\n","protected":false},"excerpt":{"rendered":"<p>Meine k\u00fcnstlerische Praxis bewegt sich im Spannungsfeld zwischen Erinnerung und aktuellen gesellschaftlichen Ereignissen. Im Zentrum steht dabei die best\u00e4ndige Auseinandersetzung mit Techniken, Materialien und kreativen Prozessen, die es mir erm\u00f6glichen, Verbindungen und Br\u00fcche sichtbar zu machen, das Leben zu verstehen, zu reflektieren und zu gestalten.&nbsp;Die Relevanz meiner Arbeit liegt darin, Wege zu erkunden, wie ein [&hellip;]<\/p>\n","protected":false},"author":2,"featured_media":0,"parent":0,"menu_order":0,"comment_status":"closed","ping_status":"closed","template":"","meta":{"_uag_custom_page_level_css":"","pgc_sgb_lightbox_settings":"","ocean_post_layout":"","ocean_both_sidebars_style":"","ocean_both_sidebars_content_width":0,"ocean_both_sidebars_sidebars_width":0,"ocean_sidebar":"","ocean_second_sidebar":"","ocean_disable_margins":"enable","ocean_add_body_class":"","ocean_shortcode_before_top_bar":"","ocean_shortcode_after_top_bar":"","ocean_shortcode_before_header":"","ocean_shortcode_after_header":"","ocean_has_shortcode":"","ocean_shortcode_after_title":"","ocean_shortcode_before_footer_widgets":"","ocean_shortcode_after_footer_widgets":"","ocean_shortcode_before_footer_bottom":"","ocean_shortcode_after_footer_bottom":"","ocean_display_top_bar":"default","ocean_display_header":"default","ocean_header_style":"","ocean_center_header_left_menu":"","ocean_custom_header_template":"","ocean_custom_logo":0,"ocean_custom_retina_logo":0,"ocean_custom_logo_max_width":0,"ocean_custom_logo_tablet_max_width":0,"ocean_custom_logo_mobile_max_width":0,"ocean_custom_logo_max_height":0,"ocean_custom_logo_tablet_max_height":0,"ocean_custom_logo_mobile_max_height":0,"ocean_header_custom_menu":"","ocean_menu_typo_font_family":"","ocean_menu_typo_font_subset":"","ocean_menu_typo_font_size":0,"ocean_menu_typo_font_size_tablet":0,"ocean_menu_typo_font_size_mobile":0,"ocean_menu_typo_font_size_unit":"px","ocean_menu_typo_font_weight":"","ocean_menu_typo_font_weight_tablet":"","ocean_menu_typo_font_weight_mobile":"","ocean_menu_typo_transform":"","ocean_menu_typo_transform_tablet":"","ocean_menu_typo_transform_mobile":"","ocean_menu_typo_line_height":0,"ocean_menu_typo_line_height_tablet":0,"ocean_menu_typo_line_height_mobile":0,"ocean_menu_typo_line_height_unit":"","ocean_menu_typo_spacing":0,"ocean_menu_typo_spacing_tablet":0,"ocean_menu_typo_spacing_mobile":0,"ocean_menu_typo_spacing_unit":"","ocean_menu_link_color":"","ocean_menu_link_color_hover":"","ocean_menu_link_color_active":"","ocean_menu_link_background":"","ocean_menu_link_hover_background":"","ocean_menu_link_active_background":"","ocean_menu_social_links_bg":"","ocean_menu_social_hover_links_bg":"","ocean_menu_social_links_color":"","ocean_menu_social_hover_links_color":"","ocean_disable_title":"default","ocean_disable_heading":"default","ocean_post_title":"","ocean_post_subheading":"","ocean_post_title_style":"","ocean_post_title_background_color":"","ocean_post_title_background":0,"ocean_post_title_bg_image_position":"","ocean_post_title_bg_image_attachment":"","ocean_post_title_bg_image_repeat":"","ocean_post_title_bg_image_size":"","ocean_post_title_height":0,"ocean_post_title_bg_overlay":0.5,"ocean_post_title_bg_overlay_color":"","ocean_disable_breadcrumbs":"default","ocean_breadcrumbs_color":"","ocean_breadcrumbs_separator_color":"","ocean_breadcrumbs_links_color":"","ocean_breadcrumbs_links_hover_color":"","ocean_display_footer_widgets":"default","ocean_display_footer_bottom":"default","ocean_custom_footer_template":"","footnotes":""},"class_list":["post-8297","page","type-page","status-publish","hentry","entry"],"featured_image_src":null,"uagb_featured_image_src":{"full":false,"thumbnail":false,"medium":false,"medium_large":false,"large":false,"1536x1536":false,"2048x2048":false,"ocean-thumb-m":false,"ocean-thumb-ml":false,"ocean-thumb-l":false},"uagb_author_info":{"display_name":"Susanne M\u00fcller-K\u00f6lmel","author_link":"https:\/\/smk-art.de\/art\/author\/susanne\/"},"uagb_comment_info":0,"uagb_excerpt":"Meine k\u00fcnstlerische Praxis bewegt sich im Spannungsfeld zwischen Erinnerung und aktuellen gesellschaftlichen Ereignissen. Im Zentrum steht dabei die best\u00e4ndige Auseinandersetzung mit Techniken, Materialien und kreativen Prozessen, die es mir erm\u00f6glichen, Verbindungen und Br\u00fcche sichtbar zu machen, das Leben zu verstehen, zu reflektieren und zu gestalten.&nbsp;Die Relevanz meiner Arbeit liegt darin, Wege zu erkunden, wie ein&hellip;","_links":{"self":[{"href":"https:\/\/smk-art.de\/art\/wp-json\/wp\/v2\/pages\/8297","targetHints":{"allow":["GET"]}}],"collection":[{"href":"https:\/\/smk-art.de\/art\/wp-json\/wp\/v2\/pages"}],"about":[{"href":"https:\/\/smk-art.de\/art\/wp-json\/wp\/v2\/types\/page"}],"author":[{"embeddable":true,"href":"https:\/\/smk-art.de\/art\/wp-json\/wp\/v2\/users\/2"}],"replies":[{"embeddable":true,"href":"https:\/\/smk-art.de\/art\/wp-json\/wp\/v2\/comments?post=8297"}],"version-history":[{"count":5,"href":"https:\/\/smk-art.de\/art\/wp-json\/wp\/v2\/pages\/8297\/revisions"}],"predecessor-version":[{"id":8304,"href":"https:\/\/smk-art.de\/art\/wp-json\/wp\/v2\/pages\/8297\/revisions\/8304"}],"wp:attachment":[{"href":"https:\/\/smk-art.de\/art\/wp-json\/wp\/v2\/media?parent=8297"}],"curies":[{"name":"wp","href":"https:\/\/api.w.org\/{rel}","templated":true}]}}